Let z = g - 334. Calculate the remainder when y(3) is divided by z.
0
Let u = 5220 - 5202. Let w = 43 - 27. Suppose 0*v = 2*v - w. Calculate the remainder when u is divided by v.
2
Calculate the remainder when 5608 is divided by -20*((-10)/3)/((33/63)/11).
8
Let p = 179 + -176. Let g(c) = 37*c + 16. Calculate the remainder when g(p) is divided by 32.
31
Suppose 6*i + 23 = 53. Suppose -175 = -i*t - x, 5*t - x = 205 - 30. Calculate the remainder when t is divided by 9.
8
Suppose -50 + 6 = -4*b. Suppose 88*o = 121*o - 2805. Let u = b + o. What is the remainder when u is divided by 11?
8
Let p be 80/25 + 2 + 11/(-5). Suppose m = -p*t + 127, 6*m - m + 5*t - 605 = 0. Calculate the remainder when m is divided by 31.
25
What is the remainder when (-43)/((-430)/180) - -4900 is divided by 82?
80
Let x(j) = 5*j - 21. Let g(r) = -2*r - 11. Let k be g(-8). Calculate the remainder when 3/9 + (-88)/(-6) is divided by x(k).
3
Suppose 0 = 4*g + 5*j - 1204, g + 3*j - 292 = 4*j. What is the remainder when g is divided by (-21050)/(-275) - 42/77?
68
Let v(d) = -1030*d + 46. Let t be v(-2). Suppose 25*i + 2*i - t = 0. What is the remainder when i is divided by 4/6 - (-158)/6?
24
Let l(q) = -q**2 - q - 1. Let v(f) = 5*f**2 + 19*f + 2. Let j(z) = -2*l(z) - v(z). Let s be j(-5). What is the remainder when 43 is divided by 0 + 1 - (s - 20)?
10
Let f(l) = l**3 + 9*l**2 - 53*l - 458. Calculate the remainder when 714 is divided by f(-9).
11
Suppose -569*q + 612*q - 36464 = 0. What is the remainder when q is divided by 144?
128
Let f(c) = -c**2 + 2*c + 706. What is the remainder when 362 is divided by f(25)?
100
Let z = -938 + 1319. What is the remainder when z is divided by 370?
11
Let z = -2373 - -2441. Calculate the remainder when z is divided by 12.
8
Let b = 1345 + -1242. Calculate the remainder when 512 is divided by b.
100
Suppose 28*a - v = 24*a + 443, -125 = -a + 5*v. Let p = -23 - -54. What is the remainder when a is divided by p?
17
Calculate the remainder when (-98)/(-28)*(1872/91 - 2/7) is divided by 28.
15
Let b = 5 + 14. Let p(d) = 4*d**3 + 2*d**2 + d + 3. What is the remainder when p(3) is divided by b?
18
Calculate the remainder when 3576/10*55/(-121)*-11 is divided by 28.
24
Let p be -8*4/(-4)*15/6. Suppose 5*c - 3*n - p = 0, 4*c - 8 = 6*n - 2*n. Calculate the remainder when 4 is divided by 12/c + 14/49.
0
Suppose 5*v = -4*h + 64 + 25, -v + 16 = -h. Let y be -6 - (3 - 44) - 2. Let x = y + -27. What is the remainder when v is divided by x?
5
Suppose 4*x + 30 = 6. Let d be (-95)/x + 3/18. Suppose -4*q = 3*b - 3*q - d, -b - 2*q - 3 = 0. What is the remainder when 26 is divided by b?
5
Let g(k) = -2*k**2 + 176*k - 1385. What is the remainder when g(76) is divided by 37?
32
Suppose u - 74 = 2*s, -35*s + 38*s - 305 = -5*u. Calculate the remainder when 500 is divided by u.
52
Suppose j = 5*x - 946, 21*x + 761 = 25*x - 5*j. Suppose 0 = -2*f + 4*t + 108, 3*t + x = 3*f + 6*t. What is the remainder when f is divided by 22?
16
Calculate the remainder when (((-104)/(-39))/(-4))/(-2 + 19516/9759) is divided by 44.
41
What is the remainder when 4/1 - (-1478 + -1 + -24) is divided by 36?
31
Suppose -17 - 8 = -5*r. Suppose -10 = -5*b - 5*c - 0*c, r*c = -2*b + 19. What is the remainder when 13 is divided by ((-2)/(-8))/(b/(-36))?
1
Let u(w) = -2*w**2 - 24 - 32 - 20*w + 79 - 26. Calculate the remainder when 70 is divided by u(-3).
31
Suppose 8 = -0*u + 2*u + y, y = 4*u - 16. Suppose 5 = k + 4*n, -u*n + 49 = -0*k - 3*k. Calculate the remainder when -3 + (-31)/(-11) + (-585)/k is divided by 8.
5
Suppose 0 = -0*d - 10*d + 3*d. Let x(g) = -g**2 + 35. What is the remainder when 58 is divided by x(d)?
23
Suppose k = -v + 168, -4*v - v + 5 = 0. Let d(u) = -4*u**3 + 124*u**2 + 5*u - 134. Calculate the remainder when k is divided by d(31).
20
Let q = 8 + -8. Suppose 2*v - 130 = -q*b - 4*b, 3*v = -3*b + 192. What is the remainder when v is divided by 131/4 + 63/(-84)?
31
Let i = 43 + -39. Suppose -i - 84 = -8*x. Suppose 0 = -x*v + 15*v - 36. What is the remainder when v is divided by 4?
1
Suppose -181*v + 166*v + 2850 + 195 = 0. What is the remainder when v is divided by 85?
33
Let h = -38 - -72. What is the remainder when h is divided by (-45)/(-1 - 2) - 0?
4
Suppose -44*h = -307 - 353. What is the remainder when 86 is divided by h?
11
Let z(v) = v**3 + 6*v**2 + 9*v + 8. Let q be z(-4). Suppose 76 - 244 = -q*k. Calculate the remainder when k is divided by 11.
9
Suppose 218*n = -3*n + 4118 + 25496. Calculate the remainder when n is divided by 58.
18
Let i = 7071 - -13016. What is the remainder when i is divided by 181?
177
Let d be (-2)/(-3) + (-85)/(-3). Suppose 67 = 12*t - d. Suppose -2*m - 288 = -t*m. What is the remainder when m is divided by 25?
23
Let b(q) = -13*q**2 + 8*q**2 - 2 - 2 - 7*q + 8*q**2. What is the remainder when b(6) is divided by 6?
2
Calculate the remainder when 2680 is divided by 2/((7/(-35))/((-3)/1)).
10
Suppose 0 = -53*i - 70*i + 33*i + 16290. What is the remainder when i is divided by 49?
34
Let w(s) = -23*s**3 - s**2 - 32*s + 33. Calculate the remainder when w(-5) is divided by 35.
33
Let s = -8 + 11. Let h(w) = -11*w + s*w + 7*w + 4*w. Calculate the remainder when 71 is divided by h(8).
23
Suppose -5*c - 55 = -w + 32, -w + 69 = -2*c. Calculate the remainder when 2101 is divided by w.
49
Suppose -5*q - 36 + 301 = 0. Suppose -5*w + 2*p + 105 = -944, -w = -2*p - 213. What is the remainder when w is divided by q?
50
Let i = -5578 + 5583. Suppose -2*q + 12 = 2*d - 6*d, 0 = -2*q + 5*d + 7. Calculate the remainder when q is divided by i.
1
Suppose 0 = -b - 6*b - 1008. Let u = 149 + b. Calculate the remainder when 119 is divided by u.
4
Suppose 34*y = 8898 + 5144. Calculate the remainder when y is divided by 87.
65
Suppose -v - 61 + 54 = 0, 2*h = 2*v + 1496. Calculate the remainder when h is divided by 368.
5
Let g(o) = 47*o**3 - 15*o**2 + 11*o - 17. What is the remainder when g(4) is divided by 200?
195
Let u = -299 - -364. What is the remainder when (7 - 8)*43*-3 is divided by u?
64
Suppose 16*x - 121 - 276 - 19 = 0. Suppose 3*b = -z + 123, 2*z - 5*z + 363 = 3*b. Calculate the remainder when z is divided by x.
16
Suppose 4234 - 538 = 6*g. Suppose -2*m = s - 304, -4*m - s + g = -3*s. Calculate the remainder when m is divided by 52.
49
Suppose 5*u + 25 = 0, 0*u = -3*x - 3*u - 15. Suppose -4*p - 74 - 70 = x. Let a = -3 - p. Calculate the remainder when a is divided by 9.
6
Let x be (-2)/(-24)*3 + 134/8. Let q(t) = 2*t**3 + 21 - x*t**2 - 9*t**3 + 6*t**3 - 17*t. Calculate the remainder when q(-16) is divided by 13.
11
Let z = -37 + 67. Suppose -329 = 6*s - 1031. Calculate the remainder when s is divided by z.
27
Suppose 0 = -151851*k + 75940*k + 75959*k - 8880. Let n = 98 + -51. What is the remainder when k is divided by n?
44
Let w = 65 + -49. Let l be -5*((-108)/20 + -3). Let v = l - w. Calculate the remainder when 48 is divided by v.
22
Suppose 4*h + 3 = 3*q - 1, 4*h = 2*q. Suppose 87 = 3*w + 4*c - 19, h*c - 110 = -3*w. Calculate the remainder when 142 is divided by w.
28
Calculate the remainder when (-12190860)/(-2491) + 4/106 is divided by 12.
10
Let y = 11562 + -11184. Calculate the remainder when 998 is divided by y.
242
Suppose 9 = 5*h - r - 13, 4*r = 2*h - 16. Suppose f - 355 - 61 = 3*m, -h*f + 1698 = 5*m. Calculate the remainder when (-6)/42 + f/14 is divided by 15.
0
Let s(j) = 18*j**2 + 2*j + 1. Suppose -11*u + 2691 = 150. Let a = 280 - u. Calculate the remainder when a is divided by s(-1).
15
What is the remainder when 721 is divided by -2 + 36/15 + (-7544)/(-115)?
61
Suppose 36*t - 36563 - 48837 = 11*t. What is the remainder when t is divided by 95?
91
Let s = -395 + 669. Suppose -1 = l, -197 = -2*t - 5*l + s. What is the remainder when t is divided by 80?
78
Suppose -4*j + 2*i + 3*i + 7 = 0, 2*i = 5*j - 30. Suppose 2*h - 9 = -3*v - h, 0 = -4*h - j. Calculate the remainder when v is divided by 494*(-27)/(-351) - 34.
1
Let j = -70 - -76. What is the remainder when 48 is divided by ((1 - j) + 180/18)*1?
3
Let g(b) = 5*b - 14. Let l be g(4). Let j(s) = 5*s - 25. What is the remainder when ((-6)/(-4))/(22/132) is divided by j(l)?
4
Suppose -232 = -2*l - 108. Calculate the remainder when 2789 is divided by l.
61
Suppose 0 = -5*c + 2*n + 361, c = -c + 